-d - 2. Give g(r).
-2
Let x(d) = 0*d**2 - 6*d - 1 - 2 + 2*d - d**2. Calculate x(-5).
-8
Let t(n) = -n**2 + 7*n - 4. Let s be 1/(6/32) - (-4)/(-12). What is t(s)?
6
Let t(v) be the second derivative of v**5/20 - v**4/4 - 2*v**3/3 - v**2 - 8*v. What is t(4)?
-2
Let d = -92 + 88. Let l(n) = n**3 + 3*n**2 - 2*n - 6. What is l(d)?
-14
Let r be 4/6*1*3. Suppose r = -2*l + 3*a, 0 = -2*l - a + 2*a - 6. Let i(k) = -k**2 - 3*k + 2. Calculate i(l).
-2
Let c(w) = 2*w**3 - 2 + 0 - w + 4 + 2*w**2. Let z be (-3)/2 - (-2)/(-4). What is c(z)?
-4
Let b(u) be the third derivative of -u**6/120 - 7*u**5/60 - 5*u**4/24 - u**3/2 - u**2. What is b(-6)?
-9
Let j(z) = z**2 - 3*z - 4. Let h(l) = -l**2 + l + 9. Let m be h(4). Determine j(m).
14
Let q(n) be the first derivative of 1/4*n**4 - 2*n**2 + 1 + 4/3*n**3 + 4*n. Calculate q(-5).
-1
Let u(v) = v - 2 + v - 2. Let o(m) be the third derivative of -m**6/120 + 7*m**5/60 + 3*m**4/8 - m**3/2 + m**2. Let y be o(8). Calculate u(y).
6
Let m = 7 + -7. Suppose -2*k = -m - 6. Suppose 0 = -4*i + 4*x + 4, i - 10 = k*i + x. Let d(l) = -l**2 - 2*l + 1. Give d(i).
-2
Let p(s) = 3*s**2 + 21*s + 9. Let w(g) = -g**2 - 7*g - 3. Let d(z) = -3*p(z) - 8*w(z). What is d(-6)?
3
Let g(f) = 2*f - 15*f + 6*f + 6*f**2 - f**3 + 5. Determine g(4).
9
Let j(g) = 4*g**2 - 4*g + 3 - 5*g**3 + 7*g + 9*g**3. Let m(d) = 3*d**3 + 4*d**2 + 2*d + 3. Let h(z) = -4*j(z) + 5*m(z). Determine h(4).
-5
Let n(g) = -29*g + 11. Let f(v) = -3*v - 2. Let p be f(-5). Let q(i) = 14*i - 5. Let a(y) = p*q(y) + 6*n(y). Calculate a(-1).
-7
Let y(m) = -20*m - 26. Let k(u) = -u - 2. Let r(t) = -12*k(t) + y(t). Determine r(3).
-26
Let x(r) be the second derivative of -r**4/12 + 5*r**3/6 - r**2/2 - 38*r - 2. Calculate x(2).
5
Let f(a) be the third derivative of a**4/24 - 7*a**3/6 - 5*a**2. Give f(3).
-4
Let c(u) = 8 + 40*u**2 - u**3 - 1 - 35*u**2 + 5*u. Determine c(6).
1
Let j(v) = 6 - v**2 - v + 3*v + 0*v**2 + 3*v. Determine j(6).
0
Let q(r) = 5*r**2 - 5*r - 3 - 16*r**2 + 10*r**2. Suppose -s - s = 8. What is q(s)?
1
Let u be ((-18)/8)/(2/(-8)). Let g = u + -5. Let d(z) = -2*z + 3. Calculate d(g).
-5
Let l(f) = f**3 + f**2 - f + 1. Let c(x) = -3*x + 12. Let r(g) = g - 4. Let p(b) = 3*c(b) + 8*r(b). Let t = -34 + 38. Let i be p(t). What is l(i)?
1
Let u(k) = -k - 7. Suppose -15 = 2*b + b. What is u(b)?
-2
Let j(r) = -2*r**3 - 8*r**2 + 5. Let d be j(-4). Let a(z) = 2*z - 12. Give a(d).
-2
Let a(g) = -4*g + 6 - 15*g**2 + 16*g**2 + 11*g. What is a(-6)?
0
Let y(v) = 4*v + 2. Let i(q) = 5*q + 2. Let d(l) = 2*i(l) - 3*y(l). Let k = 110 + -113. Determine d(k).
4
Let q(u) be the second derivative of -u**6/120 - u**5/20 + u**4/8 + u**3/3 - 5*u**2/2 - 7*u. Let i(n) be the first derivative of q(n). Determine i(-4).
6
Let r(z) = 3*z**3 - 5*z**2 + 6*z - 1. Let b(m) = -m**3 - m + 1. Let d(p) = -2*b(p) - r(p). What is d(3)?
5
Let i(q) = q**3 + 4*q**2 + 4*q. Let j be (-2)/((-4)/24*-4). Give i(j).
-3
Let w(u) = 0*u + 4 + 0*u - 2*u**2 - 3*u. Let f(i) = 8*i - 12*i**2 - 10 + 9*i**2 + 2*i**2. Let a be f(7). What is w(a)?
-5
Let o(t) = -t**2 + 8*t + 2. Suppose j + 12 = 2*h, -j + 0*h + 18 = 4*h. Let z(n) = -3*n**2 + 17*n + 5. Let v(b) = j*z(b) + 5*o(b). Determine v(-6).
0
Let k(n) = n**3 - n**2 - n. Let r(l) = 5*l**3 - 8*l**2 - 9*l - 1. Let o(y) = -6*k(y) + r(y). Determine o(-2).
5
Suppose 0 = -2*q + 5*c - 14, q + 13 = 4*q + c. Let b(p) = -q*p**2 + 3*p**3 + 3 - 3*p**2 - 2*p**3. Suppose -n = -6 - 0. What is b(n)?
3
Suppose 4*v - 3*d - 16 = 0, -2*v + 4*v = 3*d + 14. Let i(l) = 3*l**3 - v + 4*l**2 - l - l**2 - l**3 - l**3. Let z be (1 + 4)*(-4)/10. Calculate i(z).
5
Let d be 1 + -3 + (14 - 4). Let c be 2/5 + (-392)/(-70). Let m = c - d. Let r(u) = u**3 + u**2 - u - 1. Determine r(m).
-3
Let u(j) = -j**3 - j**2 - j - 1. Let r be u(0). Let t(a) = -2*a**3 + a**2 + a. Let c be t(r). Let b(i) = i**2 + i + 2. What is b(c)?
8
Let y(w) be the second derivative of -6*w + 1/6*w**4 + 1/2*w**2 - 1/2*w**3 + 0. Calculate y(2).
3
Let a = -18 - -9. Let r(x) = 13*x**2 + 11*x + 4. Let w(d) = -3*d**2 - 3*d - 1. Let h(j) = a*w(j) - 2*r(j). Determine h(-5).
1
Let l = -1 + 1. Let u = -7 - l. Let x = u + 7. Let p(a) = -a + 1. Give p(x).
1
Let d(o) = -o**3 - 4*o**2 + 3*o - 1. Let j(n) = n**3 + 9*n**2 + 5. Let i be j(-9). Suppose 0 = -i*g - 10, 2 = t - 3*g + 1. Determine d(t).
9
Let o = 2 + -4. Let f(r) = -r + 11. Let s(q) = -5. Let c(v) = o*f(v) - 5*s(v). Determine c(-4).
-5
Let k(o) = -o**2 + 4. Let w(b) = -b**3 - 7*b**2 - 2*b - 11. Let l = -4 + -3. Let p be w(l). Calculate k(p).
-5
Let i(m) = m + 4. Let d be i(-4). Let a be 3 + 4 + d + -1. Let q(n) = -7 + 2 + 5*n - a*n. What is q(-5)?
0
Suppose -4*o + 18 = -2*o. Let k(l) = 6*l**3 + 3*l**3 + 5*l**2 - 2 - l**3 - o*l**3. Calculate k(5).
-2
Let c(y) be the second derivative of -y**3/3 - 4*y**2 - y. Suppose -43 + 1 = 7*h. Determine c(h).
4
Let d(n) = n**2 - 2*n - 2. Suppose -5*z - 1 - 4 = 0. Let y be (0 + -2 - z)*2. Give d(y).
6
Suppose -5*c + 12 = 4*t, 1 + 5 = 3*c + 2*t. Let h(g) be the third derivative of -g**6/120 + 5*g**3/6 + 3*g**2. What is h(c)?
5
Let p(s) = s**3 - 5*s**2 - 7*s + 6. Let b be p(6). Let t(z) = -z + z**2 - 2 + 9 - 2. Give t(b).
5
Let u be 48/30*(-10)/4. Let g(b) = b**3 + 4*b**2 + 2*b - 3. Determine g(u).
-11
Let y(k) = k**3. Let l(r) = -3*r**3 - 3*r**2 - r - 1. Let f(j) = -l(j) - 2*y(j). What is f(-3)?
-2
Suppose -4*g + h + 13 = 0, -23 = -g - 3*g + 3*h. Let t(w) = w**3 + w**2 - w + 2. Give t(g).
12
Let w(g) = 2*g - 3 + 9 - 2. Determine w(-3).
-2
Let m = -21 + 22. Let s(z) = -3 - 1 - m + z. What is s(4)?
-1
Let g be -2*((-5)/(-20) - (-2)/8). Let s(c) = -c**2 - 1. What is s(g)?
-2
Let l(c) = -2*c - 1. Suppose -4 = -2*z + 2. Give l(z).
-7
Let w(g) = g**3 + 5*g**2 - 4*g + 5. Suppose -43 = -2*d - 7. Suppose 7*h - d = 10*h. Calculate w(h).
-7
Let a = 1 + 3. Let o(y) = y**2 - 4*y - 2. Determine o(a).
-2
Suppose -3*c = 2*q + 4, 2*q - 3*q = -3*c - 16. Let f(m) = m**2 - 4*m. What is f(q)?
0
Let g be -3*((-2)/(-3) - 2). Let w(s) be the third derivative of -s**5/60 + s**4/6 - s**3/2 - s**2 - s. Calculate w(g).
-3
Let f(t) = -2*t. Let i be f(-1). Suppose 6*j = i*j + 16. Let p = j - -1. Let r(c) = c**2 - 4*c - 2. What is r(p)?
3
Let o(a) = -4*a + 4*a**2 - 1 + a - 3*a**2. Calculate o(-2).
9
Let f = 9 - 9. Let i(x) = -2 + f - 2*x + 3*x**2 - x**3 + x - x. Calculate i(2).
-2
Let s(x) be the first derivative of x**2/2 + 8. Give s(1).
1
Let z(l) be the second derivative of l**5/20 - l**4/12 - l**3/3 + 3*l**2/2 + 7*l. Suppose -1 = c - 3. What is z(c)?
3
Suppose 0 = o + o + 2. Let a(j) = -5 + 4 - 2*j - 4*j**3 - 3*j**3. Calculate a(o).
8
Let v(x) = 2*x**2 + 7*x - 1. Let b(g) = -5*g**2 - 21*g + 3. Let j(o) = 3*b(o) + 8*v(o). Determine j(6).
-5
Let s be (0 - (2 + 0)) + 5. Let p(y) = 4*y + 2*y - 6*y**2 - y + y**s - 6. What is p(5)?
-6
Suppose -q + 5 = 4. Let y(v) = 4*v. Calculate y(q).
4
Let n(s) = 0*s + 4*s**2 - 2 + 6 + s**3 - 2*s. Suppose 0 = -5*v + b - 25, 0*b + b = 3*v + 17. Calculate n(v).
12
Let b(l) be the third derivative of 0 + 0*l + 1/60*l**5 + 5/24*l**4 - l**2 + 1/2*l**3. Determine b(-3).
-3
Let v(n) = -2*n - 1. Let u be v(-3). Suppose 0 = 2*p - 0 - 4. Suppose 4*o + 6 - p = 2*m, m = 3*o + u. Let j(g) = -g**3 - 3*g**2 + 3*g - 3. Calculate j(m).
1
Let p(d) be the second derivative of 2*d**3/3 + d**2/2 + 8*d. Give p(-1).
-3
Let r(y) = 0*y**2 + y**2 + 1 - 6*y + 1. What is r(4)?
-6
Let m(x) = x - 10. Let q(w) = -w + 10. Let i(o) = 5*m(o) + 4*q(o). Give i(6).
-4
Let k(d) = 2*d**2 - 2*d + 2. Let v be k(1). Let u(p) = -3*p**2 + 6*p + 2. Let t(x) = -2*x**2 + 5*x + 1. Let i(l) = -4*t(l) + 3*u(l). Determine i(v).
-6
Let y(t) be the second derivative of t**5/60 + 5*t**4/24 - t**3 - t**2/2 + 5*t. Let h(n) be the first derivative of y(n). Determine h(-6).
0
Let w be ((-7)/4)/((-2)/8). Let h = -10 + w. Let y(n) be the second derivative of -n**4/12 - n**3/3 + n**2/2 - 2*n. Determine y(h).
-2
Suppose z + 3*z = 20. Let s(k) = -k**2 - k + 4. Let y(u) = -u**2 + 5. Let t(q) = z*s(q) - 4*y(q). Determine t(-4).
4
Let b(j) = -j**2 + 5*j - 3. Suppose -4*y + 5 = -3. Suppose k - 2 = y*x, 4*k + 1 = -x - 0*k. Let n be 4 + x + -2 + 3. Calculate b(n).
1
Let n be 69/12 - 3/4. Let p = n - 2. Let z(v) = -v**2 - v - 5 + 4*v**2 + p - 2*v**2. Give z(3).
4
Let w(f) = -f**2 + f + 1. Let z = 4 - -1. Suppose h +